ist the prime factors of 40271.
7, 11, 523
List the prime factors of 73714.
2, 36857
List the prime factors of 376.
2, 47
What are the prime factors of 1242?
2, 3, 23
List the prime factors of 727.
727
What are the prime factors of 4038?
2, 3, 673
What are the prime factors of 930?
2, 3, 5, 31
List the prime factors of 47947.
47947
List the prime factors of 47973.
3, 15991
What are the prime factors of 27776?
2, 7, 31
List the prime factors of 1290.
2, 3, 5, 43
List the prime factors of 5340.
2, 3, 5, 89
What are the prime factors of 1561?
7, 223
List the prime factors of 1626.
2, 3, 271
What are the prime factors of 24498?
2, 3, 1361
List the prime factors of 13059.
3, 1451
What are the prime factors of 11449?
107
What are the prime factors of 1273?
19, 67
List the prime factors of 39674.
2, 83, 239
List the prime factors of 334.
2, 167
List the prime factors of 55085.
5, 23, 479
What are the prime factors of 1387?
19, 73
List the prime factors of 373.
373
List the prime factors of 95921.
7, 71, 193
List the prime factors of 70538.
2, 13, 2713
What are the prime factors of 3589?
37, 97
List the prime factors of 174557.
173, 1009
What are the prime factors of 94490?
2, 5, 11, 859
List the prime factors of 74.
2, 37
List the prime factors of 33199.
33199
List the prime factors of 32446.
2, 16223
List the prime factors of 24748.
2, 23, 269
What are the prime factors of 891?
3, 11
List the prime factors of 13545.
3, 5, 7, 43
List the prime factors of 15469.
31, 499
What are the prime factors of 33130?
2, 5, 3313
What are the prime factors of 99387?
3, 409
What are the prime factors of 3431?
47, 73
List the prime factors of 93440.
2, 5, 73
What are the prime factors of 48431?
19, 2549
What are the prime factors of 1363?
29, 47
List the prime factors of 59694.
2, 3, 9949
List the prime factors of 99831.
3, 107, 311
What are the prime factors of 9043?
9043
List the prime factors of 13589.
107, 127
List the prime factors of 170.
2, 5, 17
What are the prime factors of 62679?
3, 17, 1229
List the prime factors of 6172.
2, 1543
What are the prime factors of 11750?
2, 5, 47
List the prime factors of 631.
631
What are the prime factors of 5369?
7, 13, 59
List the prime factors of 9113.
13, 701
List the prime factors of 18780.
2, 3, 5, 313
What are the prime factors of 3099?
3, 1033
List the prime factors of 4211.
4211
What are the prime factors of 61455?
3, 5, 17, 241
What are the prime factors of 908?
2, 227
What are the prime factors of 64741?
101, 641
List the prime factors of 111351.
3, 37117
List the prime factors of 1780.
2, 5, 89
What are the prime factors of 5?
5
What are the prime factors of 22395?
3, 5, 1493
List the prime factors of 16898.
2, 7, 17, 71
What are the prime factors of 163529?
43, 3803
List the prime factors of 5455.
5, 1091
List the prime factors of 91623.
3, 7, 4363
What are the prime factors of 217?
7, 31
What are the prime factors of 6670?
2, 5, 23, 29
List the prime factors of 6057.
3, 673
List the prime factors of 2759.
31, 89
List the prime factors of 9634.
2, 4817
What are the prime factors of 1393?
7, 199
List the prime factors of 25899.
3, 89, 97
List the prime factors of 3200.
2, 5
What are the prime factors of 56960?
2, 5, 89
List the prime factors of 2023.
7, 17
List the prime factors of 21336.
2, 3, 7, 127
What are the prime factors of 38017?
7, 5431
List the prime factors of 1465.
5, 293
What are the prime factors of 7425?
3, 5, 11
What are the prime factors of 797?
797
What are the prime factors of 119532?
2, 3, 7, 1423
List the prime factors of 5160.
2, 3, 5, 43
What are the prime factors of 3382?
2, 19, 89
List the prime factors of 4749.
3, 1583
What are the prime factors of 309?
3, 103
What are the prime factors of 23261?
7, 3323
List the prime factors of 1156.
2, 17
What are the prime factors of 5308?
2, 1327
List the prime factors of 7367.
53, 139
List the prime factors of 1552.
2, 97
List the prime factors of 1553.
1553
What are the prime factors of 1226?
2, 613
List the prime factors of 19378.
2, 9689
List the prime factors of 11996.
2, 2999
What are the prime factors of 70731?
3, 29, 271
What are the prime factors of 3990?
2, 3, 5, 7, 19
List the prime factors of 467.
467
List the prime factors of 1451.
1451
List the prime factors of 52516.
2, 19, 691
List the prime factors of 56795.
5, 37, 307
List the prime factors of 13687.
13687
List the prime factors of 124.
2, 31
What are the prime factors of 156?
2, 3, 13
What are the prime factors of 3235?
5, 647
What are the prime factors of 1424?
2, 89
What are the prime factors of 36819?
3, 4091
What are the prime factors of 5544?
2, 3, 7, 11
What are the prime factors of 9770?
2, 5, 977
List the prime factors of 2439.
3, 271
What are the prime factors of 46582?
2, 23291
List the prime factors of 70261.
17, 4133
What are the prime factors of 11746?
2, 7, 839
List the prime factors of 3097.
19, 163
What are the prime factors of 5512?
2, 13, 53
List the prime factors of 15591.
3, 5197
List the prime factors of 109501.
7, 15643
List the prime factors of 1747.
1747
What are the prime factors of 886?
2, 443
What are the prime factors of 1328?
2, 83
What are the prime factors of 6123?
3, 13, 157
List the prime factors of 10958.
2, 5479
List the prime factors of 1644.
2, 3, 137
What are the prime factors of 101541?
3, 11, 17, 181
What are the prime factors of 3970?
2, 5, 397
List the prime factors of 12456.
2, 3, 173
What are the prime factors of 1080?
2, 3, 5
What are the prime factors of 3032?
2, 379
What are the prime factors of 4105?
5, 821
What are the prime factors of 1067?
11, 97
What are the prime factors of 382?
2, 191
What are the prime factors of 119296?
2, 233
List the prime factors of 4734.
2, 3, 263
What are the prime factors of 1116?
2, 3, 31
List the prime factors of 843.
3, 281
What are the prime factors of 13007?
13007
List the prime factors of 2142.
2, 3, 7, 17
List the prime factors of 3595.
5, 719
List the prime factors of 3097.
19, 163
What are the prime factors of 41996?
2, 10499
What are the prime factors of 33676?
2, 8419
What are the prime factors of 1772?
2, 443
What are the prime factors of 2270?
2, 5, 227
List the prime factors of 2933.
7, 419
What are the prime factors of 95586?
2, 3, 89, 179
What are the prime factors of 1521?
3, 13
What are the prime factors of 1035?
3, 5, 23
List the prime factors of 4247.
31, 137
List the prime factors of 95717.
95717
What are the prime factors of 9624?
2, 3, 401
What are the prime factors of 9337?
9337
What are the prime factors of 1358?
2, 7, 97
List the prime factors of 36455.
5, 23, 317
What are the prime factors of 3017?
7, 431
What are the prime factors of 3063?
3, 1021
What are the prime factors of 1534?
2, 13, 59
What are the prime factors of 20725?
5, 829
What are the prime factors of 17723?
37, 479
List the prime factors of 3138.
2, 3, 523
List the prime factors of 4957.
4957
What are the prime factors of 114034?
2, 23, 37, 67
What are the prime factors of 3013?
23, 131
What are the prime factors of 1481?
1481
List the prime factors of 33821.
31, 1091
What are the prime factors of 2097?
3, 233
List the prime factors of 2593.
2593
What are the prime factors of 261?
3, 29
What are the prime factors of 4453?
61, 73
What are the prime factors of 1949?
1949
List the prime factors of 12984.
2, 3, 541
List the prime factors of 1334.
2, 23, 29
What are the prime factors of 2468?
2, 617
What are the prime factors of 13093?
13093
List the prime factors of 8353.
8353
What are the prime factors of 75710?
2, 5, 67, 113
List the prime factors of 20995.
5, 13, 17, 19
List the prime factors of 1408.
2, 11
What are the prime factors of 16337?
17, 31
List the prime factors of 2119.
13, 163
List the prime factors of 31406.
2, 41, 383
List the prime factors of 1432.
2, 179
What are the prime factors of 1809?
3, 67
What are the prime factors of 96?
2, 3
What are the prime factors of 673?
673
List the prime factors of 72558.
2, 3, 29, 139
What are the prime factors of 124060?
2, 5, 6203
List the prime factors of 3175.
5, 127
What are the prime factors of 424?
2, 53
List the prime factors of 219.
3, 73
List the prime factors of 61678.
2, 30839
List the prime factors of 467.
467
List the prime factors of 25945.
5